 1. Let j = -15 - -21. Let u be q(j). Suppose -u*t + 2*t = -12. What are the prime factors of t?
2
Let r(p) = 154*p - 976. What are the prime factors of r(16)?
2, 3, 31
Let k = -15 + 15. Let p = 13 - k. Suppose p*q = 8*q + 95. What are the prime factors of q?
19
Let b(q) = -313*q**3 - q**2 + 8*q - 2. Let o(l) = 315*l**3 + l**2 - 9*l + 2. Let k(n) = -6*b(n) - 5*o(n). List the prime factors of k(1).
3, 101
Suppose 5*d - 6*d = 0. Suppose 4*t - 204 - 68 = d. What are the prime factors of t?
2, 17
Let n be 2/(-5) + 762/30. Suppose q - n = -2*m + 5*m, 0 = 2*q + 5*m + 5. What are the prime factors of q?
2, 5
Let g = 16 + -18. Let k = g + 109. List the prime factors of k.
107
Let h(t) = 18*t - 54. Let b be h(7). List the prime factors of ((-1188)/b)/((-2)/4).
3, 11
Suppose -n - 4*n - y + 35 = 0, 2*n - 14 = 4*y. List the prime factors of n/(2 + -2 + 1).
7
Suppose 5*d - 5*s + s - 14 = 0, -d = 4*s + 2. Let w be -3*(-7)/3*d. Suppose -w - 202 = -4*y. List the prime factors of y.
2, 3
Suppose -51 = -k - 0*k. Let g = k - 20. Let q = g - 16. What are the prime factors of q?
3, 5
Let h(x) = 1193*x + 6. What are the prime factors of h(1)?
11, 109
Let d(u) = 86*u**2 - 6*u - 4. Let k(g) = g + 1. Let y(p) = d(p) + 5*k(p). List the prime factors of y(1).
2, 43
Let q(m) = -m**3 + 5*m**2 + 16*m + 5. Let z = -7 + 14. What are the prime factors of q(z)?
19
Suppose -4*d - u + 3 = 0, -5*d + 2*u - u = 3. Suppose -2*i + 0*g = 4*g - 24, d = -4*i + 2*g - 2. What are the prime factors of i/6 - 570/(-18)?
2
Let i be 1/(-3) + 266/42. Suppose 6 = -4*x - 4*q + 878, 0 = 3*q - i. What are the prime factors of x?
2, 3
Let w(v) = 5*v**2 + 5*v - 7. Let g be w(-5). Let c be 3/(3/2) - (-78 + 14). Let z = g - c. What are the prime factors of z?
3
What are the prime factors of (662/(-14))/(72/(-504))?
331
Let d be 1/((-2)/4)*75. Let x = d - -248. List the prime factors of x.
2, 7
Let w(c) = 594*c**2 + 13*c + 11. What are the prime factors of w(-3)?
2, 2659
Suppose -6*p - 462 = -3*p. Let o = 218 + p. What are the prime factors of o?
2
Suppose 25 = 5*w + 5. Suppose w*d + 35 - 271 = 0. Let n = d + -29. List the prime factors of n.
2, 3, 5
Let z(y) = y**3 + 5*y**2 + 5*y + 5. Let s be z(-5). Let v = 24 + s. Suppose -2*h + 44 = -3*r, -4*r - 38 = -v*h + 46. What are the prime factors of h?
19
Let s = 1909 + -1081. List the prime factors of s.
2, 3, 23
Suppose 5*g = -5, 43 = 4*d - d - g. Let j = 36 - d. What are the prime factors of j?
2, 11
Let c(n) = -10*n**2 - 144*n - 9. What are the prime factors of c(-7)?
509
Let v = -21 - -35. Let k(w) = -11*w - 91. Let h be k(-14). List the prime factors of v/h + 122/18.
7
Let j = 584 + -839. Let z = -130 - j. Suppose 21 = -4*o + z. List the prime factors of o.
2, 13
Let p(s) = -6*s + 74. Let t(m) = -m + 15. Let n(k) = -2*p(k) + 11*t(k). Let r be n(-9). What are the prime factors of (-4)/r*(-51 - -1)?
5
Suppose -15 - 14 = 5*f - 2*b, -f + 5*b = -8. Let i = f + 11. Suppose -5*t - 3*d = -30, 7 = 3*t - i*t + 2*d. List the prime factors of t.
3
Let p = -523 - -982. List the prime factors of p.
3, 17
Suppose 2*h - 1165 - 265 = 0. What are the prime factors of h?
5, 11, 13
Let t(j) = -49*j - 49. Let z(f) = -f**3 + 12*f**2 - 12*f + 6. Let w be z(11). List the prime factors of t(w).
2, 7
Let x be 23/(-4) + 3/(-12). List the prime factors of 1834/49 + x/14.
37
Let b = -15 - -12. Let y(d) = 2*d**3 - d**2 - 4*d - 4. Let u be y(b). Let g = 86 + u. List the prime factors of g.
31
Suppose -5*w + 4*c + 52 = 0, 4*c = -5*w - 22 + 90. Let i = -12 + w. List the prime factors of 4 - (-3 + (-2 - i)).
3
Let g = 399 + -17. List the prime factors of g.
2, 191
Suppose 2 - 32 = -3*j. Let l = j - 0. What are the prime factors of l?
2, 5
Suppose 0 = 5*j + 2*c - 61, 0 = 5*j + c - 61 + 3. Suppose 0 = w + 2*w - 45. Let i = w - j. What are the prime factors of i?
2
Let i = 74 - 86. Let w(z) = -3 - 2 + 0 - z. What are the prime factors of w(i)?
7
Suppose 10*c = 18677 + 41173. List the prime factors of c.
3, 5, 7, 19
Suppose 0*s + 4*w = 2*s - 1158, -4*s - 4*w = -2352. What are the prime factors of s?
3, 5, 13
Let i(r) = r - 12. Let o be i(14). Suppose -o*l = -197 - 7. What are the prime factors of l?
2, 3, 17
Let d(i) = -i + 3. Let q be d(-1). What are the prime factors of q/(12/333) + 0?
3, 37
What are the prime factors of 24/(-8) + -177*102/(-9)?
2003
Suppose 0 = l + 4*u + 65 + 65, -3*l = -5*u + 407. Let o = l + 271. Suppose -4*n + o - 5 = 0. What are the prime factors of n?
3, 11
Suppose -2*c + 880 = -c - j, -5*j = -c + 872. List the prime factors of c.
2, 3, 7
Suppose 686*q + 27420 = 696*q. What are the prime factors of q?
2, 3, 457
Let v = -5 - -33. Let p = 45 - v. Suppose 0 = 12*j - p*j + 140. What are the prime factors of j?
2, 7
Suppose 0 = 5*b + 8 - 28. Suppose 0 = 3*d - b*d + 79. List the prime factors of d.
79
Let l(w) be the second derivative of w**5/20 + 13*w**4/12 - 8*w**3/3 + 2*w**2 - w. Suppose 8 = 2*m - b + 39, -m - 29 = -5*b. List the prime factors of l(m).
2
Let u = -20 - -18. Let o(b) be the first derivative of -13*b**2/2 - 4*b - 2. List the prime factors of o(u).
2, 11
Let g(z) = z**2 + 8*z - 5. Let j be g(-9). Suppose j*i = -3*c - 38, i = -4*c + 2*c - 22. List the prime factors of (92/5)/((-4)/c).
2, 23
Let u(o) = -30 + 55*o**2 + 8 + 4*o + 15. List the prime factors of u(2).
13, 17
What are the prime factors of ((-79)/1)/(14 - 15)?
79
Let x be (2 + 3)*3/1. Suppose -y - 1358 = -x*y. What are the prime factors of y?
97
Let r = 383 - 674. Let p = -135 - r. List the prime factors of p.
2, 3, 13
Let g = -178 - -180. Let s(p) = 2*p - 3. Let a be s(5). Suppose 5*k - 60 = -v, 0 = a*v - g*v + 25. List the prime factors of k.
13
Let p be 2968/15 - 4/(-30). Let d = -143 + p. What are the prime factors of d?
5, 11
Let o(d) be the first derivative of -5 + 17/3*d**3 + 3/2*d**2 + d. What are the prime factors of o(-1)?
3, 5
What are the prime factors of -2*4/((-48)/2502)?
3, 139
Let b(m) = -m**3 + 26*m**2 + 63*m + 36. List the prime factors of b(28).
2, 29
Let d = 37 - 25. Let t be 6/(-8) - (-33)/d. Suppose -t*s = 3*h - 66, 3*h = 8*h - 2*s - 126. What are the prime factors of h?
2, 3
Let s(n) = 4*n. Suppose -2*r + 7 = -1. List the prime factors of s(r).
2
Let c(z) = z**3 - 5*z**2 + 5*z + 1. Let f be c(4). Suppose -288 - 157 = -f*b. Suppose -b = -3*v - v + 3*n, 68 = 4*v + 4*n. List the prime factors of v.
2, 5
Suppose 4*b = 3*b + 3. List the prime factors of 83 - ((-28)/4 + b).
3, 29
Let y = -304 + 1426. What are the prime factors of y?
2, 3, 11, 17
Let p = -179 + 181. Let z(t) = -t**3 + 7*t**2 - 6*t + 5. Let m be z(6). What are the prime factors of (28/m)/(p/5)?
2, 7
Suppose -58*c = -53*c - 850. Suppose 6*d - d = c. What are the prime factors of d?
2, 17
Suppose -10*x + 12*x = -5*m + 876, 2*m = 0. List the prime factors of x.
2, 3, 73
Let f = 12 + -20. Let w = f - -10. Suppose 5*i - b = 11, 0*b = -w*i + 2*b + 6. What are the prime factors of i?
2
Suppose 5*y + 3*f - 5*f = -107, -f = -y - 22. Let c = 15 + y. List the prime factors of 2346/115 - c/10.
3, 7
List the prime factors of (-5097349)/(-1505) - (-4)/70.
3, 1129
Let s(u) = 33*u**2 - 51*u + 5. List the prime factors of s(-5).
5, 7, 31
Suppose g - 31 = -11. Suppose g = 5*d - d. List the prime factors of d.
5
Let x = 849 + -388. What are the prime factors of x?
461
Suppose 0 = -13*j + j + 13176. List the prime factors of j.
2, 3, 61
List the prime factors of (-8886)/(-12) + (-2)/12*-3.
3, 13, 19
Suppose 2*m - 3*x - 15 = 0, 0 = 7*m - 4*m + 4*x + 3. Suppose -m*r = 4*r - 1183. List the prime factors of r.
13
Suppose 10*r = 5*r + 2*f + 14588, -3 = -3*f. What are the prime factors of r?
2, 1459
Let x(q) = 3*q**2 - q + 21. Let s be x(7). Let t = s + 129. List the prime factors of t.
2, 5, 29
Let a be (-3 + (-12)/(-4))*1. Suppose -2*h + 2*f + 0*f + 14 = a, 2*f = -10. What are the prime factors of (-16)/(-5) + h/(-10)?
3
Let y(a) = 2*a**2 + 2 - a**3 - 4*a**2 + 7*a + 0*a. Let i(o) = -o**2 + 4*o - 5. Let d be i(4). What are the prime factors of y(d)?
2, 3, 7
Suppose 5*h + 3*y = 1460, 5*y - 1 - 24 = 0. Suppose 4*j + 5*d = h, 3*d - 7 = 8. List the prime factors of j.
2, 3, 11
What are the prime factors of 3 + ((-255)/(-6))/((-7)/(-406))?
2, 617
Let i be (-4 - (60/(-8) - -3))*6. Suppose 0 = -i*x - 5*c + 317, -x + c + 32 = -87. What are the